 46*d + 54 = -u. Suppose 5*r - 30 = -4*i, 3*i + 2*r = 4*r + 34. Calculate the highest common factor of d and i.
5
Let c(l) = l**3 - 12*l**2 + l + 183. Let m be c(12). Suppose 3*g - 41 = 4*d, 5*g - 3*d - 51 = 21. What is the highest common divisor of g and m?
15
Let i be 7 + -14 + (-140)/(-5). Suppose -4*m + 186 = -2*s, -s - 120 = -3*m + i. What is the highest common divisor of 6 and m?
6
Let t = 0 - -4. Let i(h) = 402352*h - 402362*h + 0 + 2 + 4*h**2. Let b be i(t). Calculate the highest common divisor of b and 26.
26
Let w(j) be the second derivative of 5*j**4/12 + 11*j**3/2 + j**2 - 116*j. Let m be w(-7). What is the highest common factor of m and 24?
8
Suppose -426 = -47*s + 44. Calculate the highest common factor of 16570 and s.
10
Suppose 228*z = 225*z + 5022. Calculate the greatest common factor of 54 and z.
54
Let k be (9 - 0)/(4/16). Let d be -1 + (-3)/(-2 - -1). Suppose -10 - d = -r. What is the highest common divisor of k and r?
12
Suppose 3*t = 3*o, -3*o - 10*t = -12*t. Suppose -11*i + 27 + 17 = o. Calculate the greatest common factor of i and 92.
4
Suppose -q - 16 = -5*k + 2*q, 4*k = 4*q + 16. Suppose -k = -9*i + 250. What is the greatest common factor of 140 and i?
28
Let p(w) = w**2 - 4*w + 4. Let o be p(3). Let u = -62669 - -62677. Calculate the greatest common divisor of o and u.
1
Let m(h) = h**3 - 4*h. Let n be m(3). Suppose 39*v - 850 = 5*v. What is the highest common factor of n and v?
5
Suppose 0 = 18*f - 22*f + 4*k + 4780, f = -2*k + 1210. Calculate the highest common divisor of 125 and f.
25
Suppose 7*t - 490 = -434. Let v be (t - (8 - 6)) + 575. What is the greatest common divisor of v and 7?
7
Suppose 0*l = 13*l - 12035 + 5990. Suppose -2*d - 3*d = -155. What is the greatest common factor of d and l?
31
Let w be ((-6678)/(-49))/(57/4123). What is the highest common factor of w and 372?
186
Let t = -5 + -11. Let s = t + 40. Let l be (-635)/15*-3 - (-16 + 11). Calculate the highest common factor of l and s.
12
Suppose -1765 = 19*i - 14134. What is the highest common factor of 62 and i?
31
Let v(s) = -s**3 - 6*s**2 - 8*s - 14. Let b be v(-6). Suppose -y - 28 + b = 0. What is the highest common factor of 192 and y?
6
Suppose 4*q - 2340 = 17*q. Let t = q - -197. What is the highest common divisor of 255 and t?
17
Let k = 153 - 214. Let u be ((-156)/(-2))/(-5 - (-2 - 1)). Let o = u - k. What is the highest common divisor of 22 and o?
22
Let v be (-5239)/(-62)*2/1. Suppose -520 = -v*c + 164*c. What is the greatest common factor of 26 and c?
26
Let u be ((-7 + 1)*-3)/((-10)/(-65)). Suppose 5*j - c = 265, -132*c + 37 = j - 129*c. Calculate the greatest common factor of j and u.
13
Suppose -t = -2*t + 8. Let f be 0 + t*(-2 - -5). Let j = 358009 + -357949. Calculate the greatest common factor of f and j.
12
Let p = -523 + 864. Suppose -p*f + 14 = -340*f. Calculate the highest common factor of f and 546.
14
Let y = 815 + -810. Suppose w - y*w + 720 = 4*a, -w = -3*a + 548. What is the highest common factor of a and 104?
26
Let b(f) = f**2 - f - 6. Let j be b(7). Suppose -49*y + 1245 + 699 = 23*y. Calculate the highest common factor of j and y.
9
Let x = 422 - 529. Let d = 261 + x. Calculate the highest common divisor of 28 and d.
14
Let a be 501/18 - (-7)/42. Suppose 0 = -s + 5*f + 22, 4*s - 7*f - 34 = -5*f. Calculate the highest common factor of a and s.
7
Let n = -20 - 110. Let a = 220 + n. Suppose 72 = -0*w + 2*w. What is the highest common factor of w and a?
18
Suppose -10*v = -1483 - 1577. What is the greatest common divisor of v and 170?
34
Let z = -14013 + 14022. What is the greatest common divisor of 6813 and z?
9
Suppose 0 = -z - 4*y + 5971, -19*y = -4*z - 17*y + 23848. What is the greatest common divisor of 89 and z?
89
Let v(i) = -i**2 - 2*i + 1015. Let a be v(30). What is the greatest common factor of a and 130?
5
Suppose -n = -183 + 172. Let u = 36 - 1. Let s = u - n. Calculate the greatest common divisor of 6 and s.
6
Let g be (36/(-24))/(3/(-100)). Let d be g*(-13)/((-26)/4). Suppose -5*h - 45 = -3*a, 2*a + 2*h = 5*a - 54. What is the highest common factor of d and a?
20
Suppose 4*t = 20, 0 = -191*r + 196*r - t - 1610. Calculate the greatest common factor of r and 1387.
19
Suppose -8*r - 8 = 0, -r + 64 = 3*f + 5. Calculate the highest common divisor of f and 500.
20
Let n be 24/2*(-15)/((-900)/160). Calculate the highest common factor of n and 2696.
8
Let q(n) = 43*n**3 - 4*n**2 - 3. Let u be q(3). Let r = u + -1017. Let s = -7 - -42. What is the greatest common factor of s and r?
35
Suppose 0 = -3*c - p - 2155, -4*p = -21 + 1. Let w be 9/(-12)*-14*c/(-105). Calculate the greatest common divisor of 126 and w.
18
Suppose -2*v + 1073 = 3*y, y - 3*y = 2. Let q = -418 + v. What is the greatest common divisor of 80 and q?
40
Let o be 2403/15*(-19)/(-57) + 4/(-10). What is the greatest common divisor of o and 477?
53
Let b(f) = 2*f**3 - 11*f**2 - 5*f - 1. Let o be b(6). Let d = -70 - -33. Let l = o - d. What is the highest common divisor of l and 105?
21
Suppose f = -2*o - 26, -o - 3*o - 46 = -f. Let v = o - -21. Let y be (7/1)/(126/(-324)*-3). Calculate the highest common factor of y and v.
3
Suppose -1357 = 3*c - 5*k, -61*c + 57*c = 5*k + 1751. Let i = c + 464. Calculate the highest common factor of i and 56.
4
Suppose 6*a - 1800 = -4*a. Let x be (a/(-8))/(1/4). Let p = x + 122. Calculate the highest common factor of 16 and p.
16
Let r be 27*1*(-28)/(-21). Let f(n) = -n**3 - 6*n**2 + 10*n - 12. Let l be f(-8). Calculate the highest common divisor of r and l.
36
Suppose -2*m - 11*m = -2340. Let h(j) = 44*j**2 + 2*j - 1. Suppose -5*p + 2 = -3. Let k be h(p). Calculate the highest common divisor of m and k.
45
Suppose 37*w - 30*w + 25*w = 410080. What is the highest common divisor of 165 and w?
55
Let z(y) = 152*y + 2579. Let u be z(-14). What is the greatest common factor of u and 187?
11
Let j = -7627 - -7705. What is the greatest common divisor of 168 and j?
6
Suppose 5*m = -4*i + 78, 5*i - 32 - 6 = -2*m. Calculate the highest common factor of 104 and m.
2
Let i(r) = 16*r**2 + 2228*r + 267. Let u be i(-140). What is the greatest common factor of u and 767?
59
Suppose 3*n - 15 - 18 = 0. Let y(w) = 345*w**2 + 94*w - 87. Let k be y(1). What is the greatest common factor of n and k?
11
Let s(u) = -u**3 + 109*u**2 - 225*u + 1386. Let d be s(107). Let z = 40 - 2. What is the greatest common factor of d and z?
19
Let v = 231 + -151. What is the highest common factor of v and 310?
10
Let m(o) = 19*o**3 + 6*o**2 + 5*o + 12. Let l be m(4). Suppose -7*t = 41*t - l. What is the greatest common divisor of t and 35?
7
Let v(s) = 73*s + 1606. Let b be v(-15). What is the greatest common factor of 949 and b?
73
Let f(c) = 93*c + 2564. Let z be f(-21). Calculate the highest common factor of z and 752.
47
Let v be 20/(4 - -1) - (-213)/1. Let p(z) = -32*z**3 - 1. Let l be p(-1). Calculate the greatest common divisor of v and l.
31
Let f(l) = 48*l - 716. Let a be f(15). What is the highest common divisor of 11996 and a?
4
Let h(k) = 16*k**2 + 9*k - 10. Suppose 2*x - 7 = t, 0 = 5*t + 3*x - 3 - 14. Let q be h(t). Calculate the greatest common factor of 135 and q.
15
Suppose 0 = -90*z + 116*z - 19604. Calculate the highest common divisor of z and 174.
58
Let y be (6/18)/(13/1287). Calculate the highest common divisor of 143 and y.
11
Suppose -3*l + 96 + 3 = 0. Suppose -265*j - 113888 = -166358. What is the greatest common divisor of l and j?
33
Suppose -y - 6*y = r - 10022, 2877 = 2*y + 3*r. Calculate the greatest common divisor of y and 9.
9
Let w(a) = a**3 + 5*a**2 - 21*a + 26. Let k be w(-8). Suppose 0 = -4*f + k*y - 5*y + 639, -4*f - 4*y = -636. What is the greatest common divisor of 12 and f?
6
Suppose -31668 = -419*v + 390*v. Calculate the highest common factor of v and 252.
84
Suppose -2*h + 5*j + 401 = 0, 5*h - 4*j - 1144 = -150. Calculate the highest common divisor of h and 10.
2
Suppose 2*y + 2*b = 10, 3*y = 3*b + 4 + 5. Let f = 6543 + -6534. Suppose 3*n + m - 4*m = -12, y*n - f = -m. What is the greatest common divisor of 3 and n?
1
Let m = 25 + -30. Let n = m - -3. Let d be (1032/60)/(n/(-5)). Calculate the highest common divisor of 301 and d.
43
Let k = 7787 - 7765. Let c = 1751 - 1069. Calculate the greatest common factor of